{"id":93,"date":"2023-04-22T15:21:45","date_gmt":"2023-04-22T13:21:45","guid":{"rendered":"https:\/\/air-cbd.com\/?page_id=93"},"modified":"2023-06-15T22:34:12","modified_gmt":"2023-06-15T20:34:12","slug":"cbd-suisse","status":"publish","type":"page","link":"https:\/\/air-cbd.com\/index.php\/cbd-suisse\/","title":{"rendered":"CBD Suisse"},"content":{"rendered":"\n<div class=\"wp-block-columns is-layout-flex wp-container-3\">\n<div class=\"wp-block-column is-layout-flow\" style=\"flex-basis:33.33%\">\n<figure class=\"wp-block-image size-large\"><img decoding=\"async\" loading=\"lazy\" width=\"1024\" height=\"837\" src=\"https:\/\/air-cbd.com\/wp-content\/uploads\/2023\/05\/logo-air-cbd-swiss-1024x837.jpg\" alt=\"\" class=\"wp-image-366\" srcset=\"https:\/\/air-cbd.com\/wp-content\/uploads\/2023\/05\/logo-air-cbd-swiss-1024x837.jpg 1024w, https:\/\/air-cbd.com\/wp-content\/uploads\/2023\/05\/logo-air-cbd-swiss-300x245.jpg 300w, https:\/\/air-cbd.com\/wp-content\/uploads\/2023\/05\/logo-air-cbd-swiss-768x627.jpg 768w, https:\/\/air-cbd.com\/wp-content\/uploads\/2023\/05\/logo-air-cbd-swiss-1536x1255.jpg 1536w, https:\/\/air-cbd.com\/wp-content\/uploads\/2023\/05\/logo-air-cbd-swiss-2048x1673.jpg 2048w, https:\/\/air-cbd.com\/wp-content\/uploads\/2023\/05\/logo-air-cbd-swiss-600x490.jpg 600w\" sizes=\"(max-width: 1024px) 100vw, 1024px\" \/><\/figure>\n<\/div>\n\n\n\n<div class=\"wp-block-column is-layout-flow\" style=\"flex-basis:66.66%\">\n<h3 class=\"wp-block-heading\">La gamme Swiss Quality de Air-CBD<\/h3>\n\n\n\n<p>Vous \u00eates \u00e0 la recherche de <strong>CBD de qualit\u00e9<\/strong>? Optez pour la gamme &#8220;Swiss Quality&#8221; de <strong>Air CBD<\/strong>. B\u00e9n\u00e9ficiez de l&#8217;expertise <strong>suisse<\/strong> en mati\u00e8re de production de <strong>fleurs de CBD<\/strong>. Les <strong>r\u00e9sines<\/strong> sont produites selon un processus rigoureux qui garantit des produits de <strong>qualit\u00e9 sup\u00e9rieure<\/strong>. Ces produits sont issues de plantes cultiv\u00e9es en &#8220;<a href=\"https:\/\/air-cbd.com\/index.php\/cbd-cultive-en-indoor-pour-une-qualite-optimale\/\" title=\"CBD cultiv\u00e9 en indoor pour une qualit\u00e9 optimale\">indoor<\/a>&#8221; et respecant une agriculture biologique afin d&#8217;assurer une qualit\u00e9 optimale.<\/p>\n<\/div>\n<\/div>\n\n\n\n<h2 class=\"wp-block-heading\">Vente de fleurs et de r\u00e9sines de CBD de qualit\u00e9 sup\u00e9rieure issues de productions Suisses.<\/h2>\n\n\n\n<p>Soucieux de satisfaire pleinement les consommateurs de <strong>CBD<\/strong> , Air CBD met tous les moyens pour s\u00e9lectionner les meilleurs fleurs et r\u00e9sines de <strong>CBD<\/strong>. Apr\u00e8s avoir parcouru et test\u00e9 les <strong>CBD<\/strong> de toute l&#8217;Europe , <strong>Air CBD<\/strong> a d\u00e9cid\u00e9 de travailler en priorit\u00e9 avec de produits issues de <strong>production suisse<\/strong> et de <strong>qualit\u00e9 sup\u00e9rieure<\/strong>.<\/p>\n\n\n\n<h3 class=\"wp-block-heading\">Pourquoi le CBD Suisse?<\/h3>\n\n\n\n<p>Parce que tout les facteurs environnementaux ainsi que l&#8217;exp\u00e9rience des agriculteurs <strong>suisse<\/strong> dans ce milieu se joignent pour produire le meilleur <strong>CBD<\/strong> possible. Les bonnes vertus du <strong>CBD<\/strong> se retrouvent int\u00e9gralement dans les produits <strong>suisses<\/strong> s\u00e9lectionn\u00e9s par notre \u00e9quipe ( cbd th\u00e9rapeutiques , apaisant , d\u00e9stressant)<\/p>\n\n\n\n<p>Retrouver tous nos produits sur dans notre boutique de vente en ligne de CBD Suisse<\/p>\n\n\n\n<div style=\"height:55px\" aria-hidden=\"true\" class=\"wp-block-spacer\"><\/div>\n\n\n<div data-block-name=\"woocommerce\/product-category\" data-columns=\"4\" data-rows=\"2\" data-align-buttons=\"true\" class=\"wc-block-grid wp-block-product-category wc-block-product-category has-4-columns has-multiple-rows has-aligned-buttons\"><ul class=\"wc-block-grid__products\"><li class=\"wc-block-grid__product\">\n\t\t\t\t<a href=\"https:\/\/air-cbd.com\/index.php\/product\/fleur-cbd-sun-rock-indoor\/\" class=\"wc-block-grid__product-link\">\n\t\t\t\t\t<div class=\"wc-block-grid__product-image\"><img width=\"300\" height=\"300\" src=\"https:\/\/air-cbd.com\/wp-content\/uploads\/2023\/06\/fleur-cbd-indoor-bio-300x300.jpg\" class=\"attachment-woocommerce_thumbnail size-woocommerce_thumbnail\" alt=\"Sun Rock Indoor CBD 55%\" decoding=\"async\" loading=\"lazy\" srcset=\"https:\/\/air-cbd.com\/wp-content\/uploads\/2023\/06\/fleur-cbd-indoor-bio-300x300.jpg 300w, https:\/\/air-cbd.com\/wp-content\/uploads\/2023\/06\/fleur-cbd-indoor-bio-150x150.jpg 150w, https:\/\/air-cbd.com\/wp-content\/uploads\/2023\/06\/fleur-cbd-indoor-bio-100x100.jpg 100w, https:\/\/air-cbd.com\/wp-content\/uploads\/2023\/06\/fleur-cbd-indoor-bio.jpg 500w\" sizes=\"(max-width: 300px) 100vw, 300px\" \/><\/div>\n\t\t\t\t\t<div class=\"wc-block-grid__product-title\">Sun Rock Indoor CBD 55%<\/div>\n\t\t\t\t<\/a>\n\t\t\t\t\n\t\t\t\t<div class=\"wc-block-grid__product-price price\"><span class=\"woocommerce-Price-amount amount\"><span class=\"woocommerce-Price-currencySymbol\">&euro;<\/span>15.20<\/span> &ndash; <span class=\"woocommerce-Price-amount amount\"><span class=\"woocommerce-Price-currencySymbol\">&euro;<\/span>174.00<\/span><\/div>\n\t\t\t\t\n\t\t\t\t<div class=\"wp-block-button wc-block-grid__product-add-to-cart\"><a href=\"https:\/\/air-cbd.com\/index.php\/product\/fleur-cbd-sun-rock-indoor\/\" aria-label=\"Select options for &ldquo;Sun Rock Indoor CBD 55%&rdquo;\" data-quantity=\"1\" data-product_id=\"683\" data-product_sku=\"\" rel=\"nofollow\" class=\"wp-block-button__link wp-element-button add_to_cart_button\">Select options<\/a><\/div>\n\t\t\t<\/li><li class=\"wc-block-grid__product\">\n\t\t\t\t<a href=\"https:\/\/air-cbd.com\/index.php\/product\/fleur-cbd-moon-rock-indoor\/\" class=\"wc-block-grid__product-link\">\n\t\t\t\t\t<div class=\"wc-block-grid__product-image\"><img width=\"300\" height=\"300\" src=\"https:\/\/air-cbd.com\/wp-content\/uploads\/2023\/06\/moonrock-fleur-cbd-indoor-300x300.jpg\" class=\"attachment-woocommerce_thumbnail size-woocommerce_thumbnail\" alt=\"Moon Rock Indoor CBD 40%\" decoding=\"async\" loading=\"lazy\" srcset=\"https:\/\/air-cbd.com\/wp-content\/uploads\/2023\/06\/moonrock-fleur-cbd-indoor-300x300.jpg 300w, https:\/\/air-cbd.com\/wp-content\/uploads\/2023\/06\/moonrock-fleur-cbd-indoor-150x150.jpg 150w, https:\/\/air-cbd.com\/wp-content\/uploads\/2023\/06\/moonrock-fleur-cbd-indoor-100x100.jpg 100w, https:\/\/air-cbd.com\/wp-content\/uploads\/2023\/06\/moonrock-fleur-cbd-indoor.jpg 500w\" sizes=\"(max-width: 300px) 100vw, 300px\" \/><\/div>\n\t\t\t\t\t<div class=\"wc-block-grid__product-title\">Moon Rock Indoor CBD 40%<\/div>\n\t\t\t\t<\/a>\n\t\t\t\t\n\t\t\t\t<div class=\"wc-block-grid__product-price price\"><span class=\"woocommerce-Price-amount amount\"><span class=\"woocommerce-Price-currencySymbol\">&euro;<\/span>15.20<\/span> &ndash; <span class=\"woocommerce-Price-amount amount\"><span class=\"woocommerce-Price-currencySymbol\">&euro;<\/span>174.00<\/span><\/div>\n\t\t\t\t\n\t\t\t\t<div class=\"wp-block-button wc-block-grid__product-add-to-cart\"><a href=\"https:\/\/air-cbd.com\/index.php\/product\/fleur-cbd-moon-rock-indoor\/\" aria-label=\"Select options for &ldquo;Moon Rock Indoor CBD 40%&rdquo;\" data-quantity=\"1\" data-product_id=\"614\" data-product_sku=\"\" rel=\"nofollow\" class=\"wp-block-button__link wp-element-button add_to_cart_button\">Select options<\/a><\/div>\n\t\t\t<\/li><li class=\"wc-block-grid__product\">\n\t\t\t\t<a href=\"https:\/\/air-cbd.com\/index.php\/product\/fleur-cbd-ice-rock-indoor\/\" class=\"wc-block-grid__product-link\">\n\t\t\t\t\t<div class=\"wc-block-grid__product-image\"><img width=\"300\" height=\"300\" src=\"https:\/\/air-cbd.com\/wp-content\/uploads\/2023\/06\/icerock-cbd-90-suisse-300x300.jpg\" class=\"attachment-woocommerce_thumbnail size-woocommerce_thumbnail\" alt=\"Ice Rock Indoor CBD 90%\" decoding=\"async\" loading=\"lazy\" srcset=\"https:\/\/air-cbd.com\/wp-content\/uploads\/2023\/06\/icerock-cbd-90-suisse-300x300.jpg 300w, https:\/\/air-cbd.com\/wp-content\/uploads\/2023\/06\/icerock-cbd-90-suisse-150x150.jpg 150w, https:\/\/air-cbd.com\/wp-content\/uploads\/2023\/06\/icerock-cbd-90-suisse-100x100.jpg 100w, https:\/\/air-cbd.com\/wp-content\/uploads\/2023\/06\/icerock-cbd-90-suisse.jpg 500w\" sizes=\"(max-width: 300px) 100vw, 300px\" \/><\/div>\n\t\t\t\t\t<div class=\"wc-block-grid__product-title\">Ice Rock Indoor CBD 90%<\/div>\n\t\t\t\t<\/a>\n\t\t\t\t\n\t\t\t\t<div class=\"wc-block-grid__product-price price\"><span class=\"woocommerce-Price-amount amount\"><span class=\"woocommerce-Price-currencySymbol\">&euro;<\/span>17.20<\/span> &ndash; <span class=\"woocommerce-Price-amount amount\"><span class=\"woocommerce-Price-currencySymbol\">&euro;<\/span>190.00<\/span><\/div>\n\t\t\t\t\n\t\t\t\t<div class=\"wp-block-button wc-block-grid__product-add-to-cart\"><a href=\"https:\/\/air-cbd.com\/index.php\/product\/fleur-cbd-ice-rock-indoor\/\" aria-label=\"Select options for &ldquo;Ice Rock Indoor CBD 90%&rdquo;\" data-quantity=\"1\" data-product_id=\"607\" data-product_sku=\"\" rel=\"nofollow\" class=\"wp-block-button__link wp-element-button add_to_cart_button\">Select options<\/a><\/div>\n\t\t\t<\/li><li class=\"wc-block-grid__product\">\n\t\t\t\t<a href=\"https:\/\/air-cbd.com\/index.php\/product\/fleur-cbd-durban-poison-indoor\/\" class=\"wc-block-grid__product-link\">\n\t\t\t\t\t<div class=\"wc-block-grid__product-image\"><img width=\"300\" height=\"300\" src=\"https:\/\/air-cbd.com\/wp-content\/uploads\/2023\/06\/cbd-durban-oison-air-cbd-indoor-suisse-300x300.png\" class=\"attachment-woocommerce_thumbnail size-woocommerce_thumbnail\" alt=\"Durban Poison Indoor 9,5% CBD\" decoding=\"async\" loading=\"lazy\" srcset=\"https:\/\/air-cbd.com\/wp-content\/uploads\/2023\/06\/cbd-durban-oison-air-cbd-indoor-suisse-300x300.png 300w, https:\/\/air-cbd.com\/wp-content\/uploads\/2023\/06\/cbd-durban-oison-air-cbd-indoor-suisse-150x150.png 150w, https:\/\/air-cbd.com\/wp-content\/uploads\/2023\/06\/cbd-durban-oison-air-cbd-indoor-suisse-100x100.png 100w, https:\/\/air-cbd.com\/wp-content\/uploads\/2023\/06\/cbd-durban-oison-air-cbd-indoor-suisse.png 500w\" sizes=\"(max-width: 300px) 100vw, 300px\" \/><\/div>\n\t\t\t\t\t<div class=\"wc-block-grid__product-title\">Durban Poison Indoor 9,5% CBD<\/div>\n\t\t\t\t<\/a>\n\t\t\t\t\n\t\t\t\t<div class=\"wc-block-grid__product-price price\"><span class=\"woocommerce-Price-amount amount\"><span class=\"woocommerce-Price-currencySymbol\">&euro;<\/span>13.20<\/span> &ndash; <span class=\"woocommerce-Price-amount amount\"><span class=\"woocommerce-Price-currencySymbol\">&euro;<\/span>152.00<\/span><\/div>\n\t\t\t\t\n\t\t\t\t<div class=\"wp-block-button wc-block-grid__product-add-to-cart\"><a href=\"https:\/\/air-cbd.com\/index.php\/product\/fleur-cbd-durban-poison-indoor\/\" aria-label=\"Select options for &ldquo;Durban Poison Indoor 9,5% CBD&rdquo;\" data-quantity=\"1\" data-product_id=\"600\" data-product_sku=\"\" rel=\"nofollow\" class=\"wp-block-button__link wp-element-button add_to_cart_button\">Select options<\/a><\/div>\n\t\t\t<\/li><li class=\"wc-block-grid__product\">\n\t\t\t\t<a href=\"https:\/\/air-cbd.com\/index.php\/product\/fleur-cbd-amnesia-queen-indoor\/\" class=\"wc-block-grid__product-link\">\n\t\t\t\t\t<div class=\"wc-block-grid__product-image\"><img width=\"300\" height=\"300\" src=\"https:\/\/air-cbd.com\/wp-content\/uploads\/2023\/06\/cbd-amnesia-indoor-300x300.jpg\" class=\"attachment-woocommerce_thumbnail size-woocommerce_thumbnail\" alt=\"Amnesia Queen Indoor CBD 10%\" decoding=\"async\" loading=\"lazy\" srcset=\"https:\/\/air-cbd.com\/wp-content\/uploads\/2023\/06\/cbd-amnesia-indoor-300x300.jpg 300w, https:\/\/air-cbd.com\/wp-content\/uploads\/2023\/06\/cbd-amnesia-indoor-150x150.jpg 150w, https:\/\/air-cbd.com\/wp-content\/uploads\/2023\/06\/cbd-amnesia-indoor-100x100.jpg 100w, https:\/\/air-cbd.com\/wp-content\/uploads\/2023\/06\/cbd-amnesia-indoor.jpg 500w\" sizes=\"(max-width: 300px) 100vw, 300px\" \/><\/div>\n\t\t\t\t\t<div class=\"wc-block-grid__product-title\">Amnesia Queen Indoor CBD 10%<\/div>\n\t\t\t\t<\/a>\n\t\t\t\t\n\t\t\t\t<div class=\"wc-block-grid__product-price price\"><span class=\"woocommerce-Price-amount amount\"><span class=\"woocommerce-Price-currencySymbol\">&euro;<\/span>14.20<\/span> &ndash; <span class=\"woocommerce-Price-amount amount\"><span class=\"woocommerce-Price-currencySymbol\">&euro;<\/span>165.00<\/span><\/div>\n\t\t\t\t\n\t\t\t\t<div class=\"wp-block-button wc-block-grid__product-add-to-cart\"><a href=\"https:\/\/air-cbd.com\/index.php\/product\/fleur-cbd-amnesia-queen-indoor\/\" aria-label=\"Select options for &ldquo;Amnesia Queen Indoor CBD 10%&rdquo;\" data-quantity=\"1\" data-product_id=\"593\" data-product_sku=\"\" rel=\"nofollow\" class=\"wp-block-button__link wp-element-button add_to_cart_button\">Select options<\/a><\/div>\n\t\t\t<\/li><li class=\"wc-block-grid__product\">\n\t\t\t\t<a href=\"https:\/\/air-cbd.com\/index.php\/product\/fleur-de-cbd-runtz-h4cbd\/\" class=\"wc-block-grid__product-link\">\n\t\t\t\t\t<div class=\"wc-block-grid__product-image\"><img width=\"300\" height=\"300\" src=\"https:\/\/air-cbd.com\/wp-content\/uploads\/2023\/06\/runtz-cbd-bio-300x300.jpg\" class=\"attachment-woocommerce_thumbnail size-woocommerce_thumbnail\" alt=\"Runtz  Indoor H4CBD 50%\" decoding=\"async\" loading=\"lazy\" srcset=\"https:\/\/air-cbd.com\/wp-content\/uploads\/2023\/06\/runtz-cbd-bio-300x300.jpg 300w, https:\/\/air-cbd.com\/wp-content\/uploads\/2023\/06\/runtz-cbd-bio-150x150.jpg 150w, https:\/\/air-cbd.com\/wp-content\/uploads\/2023\/06\/runtz-cbd-bio-100x100.jpg 100w, https:\/\/air-cbd.com\/wp-content\/uploads\/2023\/06\/runtz-cbd-bio.jpg 500w\" sizes=\"(max-width: 300px) 100vw, 300px\" \/><\/div>\n\t\t\t\t\t<div class=\"wc-block-grid__product-title\">Runtz  Indoor H4CBD 50%<\/div>\n\t\t\t\t<\/a>\n\t\t\t\t\n\t\t\t\t<div class=\"wc-block-grid__product-price price\"><span class=\"woocommerce-Price-amount amount\"><span class=\"woocommerce-Price-currencySymbol\">&euro;<\/span>13.50<\/span> &ndash; <span class=\"woocommerce-Price-amount amount\"><span class=\"woocommerce-Price-currencySymbol\">&euro;<\/span>156.00<\/span><\/div>\n\t\t\t\t\n\t\t\t\t<div class=\"wp-block-button wc-block-grid__product-add-to-cart\"><a href=\"https:\/\/air-cbd.com\/index.php\/product\/fleur-de-cbd-runtz-h4cbd\/\" aria-label=\"Select options for &ldquo;Runtz  Indoor H4CBD 50%&rdquo;\" data-quantity=\"1\" data-product_id=\"586\" data-product_sku=\"\" rel=\"nofollow\" class=\"wp-block-button__link wp-element-button add_to_cart_button\">Select options<\/a><\/div>\n\t\t\t<\/li><li class=\"wc-block-grid__product\">\n\t\t\t\t<a href=\"https:\/\/air-cbd.com\/index.php\/product\/resine-cbd-caramelo\/\" class=\"wc-block-grid__product-link\">\n\t\t\t\t\t<div class=\"wc-block-grid__product-image\"><img width=\"300\" height=\"300\" src=\"https:\/\/air-cbd.com\/wp-content\/uploads\/woocommerce-placeholder-300x300.png\" class=\"woocommerce-placeholder wp-post-image\" alt=\"\" decoding=\"async\" loading=\"lazy\" srcset=\"https:\/\/air-cbd.com\/wp-content\/uploads\/woocommerce-placeholder-300x300.png 300w, https:\/\/air-cbd.com\/wp-content\/uploads\/woocommerce-placeholder-100x100.png 100w, https:\/\/air-cbd.com\/wp-content\/uploads\/woocommerce-placeholder-600x600.png 600w, https:\/\/air-cbd.com\/wp-content\/uploads\/woocommerce-placeholder-1024x1024.png 1024w, https:\/\/air-cbd.com\/wp-content\/uploads\/woocommerce-placeholder-150x150.png 150w, https:\/\/air-cbd.com\/wp-content\/uploads\/woocommerce-placeholder-768x768.png 768w, https:\/\/air-cbd.com\/wp-content\/uploads\/woocommerce-placeholder.png 1200w\" sizes=\"(max-width: 300px) 100vw, 300px\" \/><\/div>\n\t\t\t\t\t<div class=\"wc-block-grid__product-title\">Caramelo<\/div>\n\t\t\t\t<\/a>\n\t\t\t\t\n\t\t\t\t<div class=\"wc-block-grid__product-price price\"><\/div>\n\t\t\t\t\n\t\t\t\t<div class=\"wp-block-button wc-block-grid__product-add-to-cart\"><a href=\"https:\/\/air-cbd.com\/index.php\/product\/resine-cbd-caramelo\/\" aria-label=\"Select options for &ldquo;Caramelo&rdquo;\" data-quantity=\"1\" data-product_id=\"567\" data-product_sku=\"\" rel=\"nofollow\" class=\"wp-block-button__link wp-element-button add_to_cart_button\">Select options<\/a><\/div>\n\t\t\t<\/li><li class=\"wc-block-grid__product\">\n\t\t\t\t<a href=\"https:\/\/air-cbd.com\/index.php\/product\/tropical-cbd-suisse\/\" class=\"wc-block-grid__product-link\">\n\t\t\t\t\t<div class=\"wc-block-grid__product-image\"><img width=\"300\" height=\"300\" src=\"https:\/\/air-cbd.com\/wp-content\/uploads\/2023\/05\/tropical-punch-cbd-300x300.webp\" class=\"attachment-woocommerce_thumbnail size-woocommerce_thumbnail\" alt=\"Tropical\" decoding=\"async\" loading=\"lazy\" srcset=\"https:\/\/air-cbd.com\/wp-content\/uploads\/2023\/05\/tropical-punch-cbd-300x300.webp 300w, https:\/\/air-cbd.com\/wp-content\/uploads\/2023\/05\/tropical-punch-cbd-150x150.webp 150w, https:\/\/air-cbd.com\/wp-content\/uploads\/2023\/05\/tropical-punch-cbd-768x768.webp 768w, https:\/\/air-cbd.com\/wp-content\/uploads\/2023\/05\/tropical-punch-cbd-600x600.webp 600w, https:\/\/air-cbd.com\/wp-content\/uploads\/2023\/05\/tropical-punch-cbd-100x100.webp 100w, https:\/\/air-cbd.com\/wp-content\/uploads\/2023\/05\/tropical-punch-cbd.webp 800w\" sizes=\"(max-width: 300px) 100vw, 300px\" \/><\/div>\n\t\t\t\t\t<div class=\"wc-block-grid__product-title\">Tropical<\/div>\n\t\t\t\t<\/a>\n\t\t\t\t\n\t\t\t\t<div class=\"wc-block-grid__product-price price\"><\/div>\n\t\t\t\t\n\t\t\t\t<div class=\"wp-block-button wc-block-grid__product-add-to-cart\"><a href=\"https:\/\/air-cbd.com\/index.php\/product\/tropical-cbd-suisse\/\" aria-label=\"Read more about &ldquo;Tropical&rdquo;\" data-quantity=\"1\" data-product_id=\"390\" data-product_sku=\"\" rel=\"nofollow\" class=\"wp-block-button__link wp-element-button add_to_cart_button\">Read more<\/a><\/div>\n\t\t\t<\/li><\/ul><\/div>","protected":false},"excerpt":{"rendered":"<p>La gamme Swiss Quality de Air-CBD Vous \u00eates \u00e0 la recherche de CBD de qualit\u00e9? Optez pour la gamme &#8220;Swiss Quality&#8221; de Air CBD. B\u00e9n\u00e9ficiez de l&#8217;expertise suisse en mati\u00e8re de production de fleurs de CBD. Les r\u00e9sines sont produites selon un processus rigoureux qui garantit des produits de qualit\u00e9 sup\u00e9rieure. Ces produits sont issues [&hellip;]<\/p>\n","protected":false},"author":1,"featured_media":0,"parent":0,"menu_order":0,"comment_status":"closed","ping_status":"closed","template":"","meta":[],"aioseo_notices":[],"_links":{"self":[{"href":"https:\/\/air-cbd.com\/index.php\/wp-json\/wp\/v2\/pages\/93"}],"collection":[{"href":"https:\/\/air-cbd.com\/index.php\/wp-json\/wp\/v2\/pages"}],"about":[{"href":"https:\/\/air-cbd.com\/index.php\/wp-json\/wp\/v2\/types\/page"}],"author":[{"embeddable":true,"href":"https:\/\/air-cbd.com\/index.php\/wp-json\/wp\/v2\/users\/1"}],"replies":[{"embeddable":true,"href":"https:\/\/air-cbd.com\/index.php\/wp-json\/wp\/v2\/comments?post=93"}],"version-history":[{"count":23,"href":"https:\/\/air-cbd.com\/index.php\/wp-json\/wp\/v2\/pages\/93\/revisions"}],"predecessor-version":[{"id":496,"href":"https:\/\/air-cbd.com\/index.php\/wp-json\/wp\/v2\/pages\/93\/revisions\/496"}],"wp:attachment":[{"href":"https:\/\/air-cbd.com\/index.php\/wp-json\/wp\/v2\/media?parent=93"}],"curies":[{"name":"wp","href":"https:\/\/api.w.org\/{rel}","templated":true}]}}